{"id":64,"date":"2025-04-23T22:13:32","date_gmt":"2025-04-23T20:13:32","guid":{"rendered":"https:\/\/crepesriz.fr\/?post_type=product&#038;p=64"},"modified":"2026-04-16T07:53:16","modified_gmt":"2026-04-16T05:53:16","slug":"nem-porc","status":"publish","type":"product","link":"https:\/\/crepesriz.fr\/index.php\/product\/nem-porc\/","title":{"rendered":"Nem Porc (feuille de bl\u00e9) (la pi\u00e8ce)"},"content":{"rendered":"<p>Roul\u00e9e avec une feuille de bl\u00e9<\/p>\n<p>Prix \u00e0 l&#8217;unit\u00e9<\/p>\n<p>Allerg\u00e8nes : <span style=\"text-decoration: underline;\">Gluten, Poisson, Mollusques, Soja<\/span><\/p>\n","protected":false},"excerpt":{"rendered":"<p>Roul\u00e9e avec une feuille de bl\u00e9 Prix \u00e0 l&#8217;unit\u00e9 Allerg\u00e8nes : Gluten, Poisson, Mollusques, Soja<\/p>\n","protected":false},"featured_media":383,"template":"","meta":[],"product_brand":[],"product_cat":[19,25],"product_tag":[],"class_list":{"0":"post-64","1":"product","2":"type-product","3":"status-publish","4":"has-post-thumbnail","6":"product_cat-plats-asiatiques","7":"product_cat-nems-samoussas","9":"first","10":"instock","11":"shipping-taxable","12":"purchasable","13":"product-type-simple"},"jetpack_sharing_enabled":true,"_links":{"self":[{"href":"https:\/\/crepesriz.fr\/index.php\/wp-json\/wp\/v2\/product\/64","targetHints":{"allow":["GET"]}}],"collection":[{"href":"https:\/\/crepesriz.fr\/index.php\/wp-json\/wp\/v2\/product"}],"about":[{"href":"https:\/\/crepesriz.fr\/index.php\/wp-json\/wp\/v2\/types\/product"}],"wp:featuredmedia":[{"embeddable":true,"href":"https:\/\/crepesriz.fr\/index.php\/wp-json\/wp\/v2\/media\/383"}],"wp:attachment":[{"href":"https:\/\/crepesriz.fr\/index.php\/wp-json\/wp\/v2\/media?parent=64"}],"wp:term":[{"taxonomy":"product_brand","embeddable":true,"href":"https:\/\/crepesriz.fr\/index.php\/wp-json\/wp\/v2\/product_brand?post=64"},{"taxonomy":"product_cat","embeddable":true,"href":"https:\/\/crepesriz.fr\/index.php\/wp-json\/wp\/v2\/product_cat?post=64"},{"taxonomy":"product_tag","embeddable":true,"href":"https:\/\/crepesriz.fr\/index.php\/wp-json\/wp\/v2\/product_tag?post=64"}],"curies":[{"name":"wp","href":"https:\/\/api.w.org\/{rel}","templated":true}]}}