{"id":361,"date":"2025-03-03T00:33:40","date_gmt":"2025-03-02T23:33:40","guid":{"rendered":"https:\/\/crepesriz.fr\/?post_type=product&#038;p=361"},"modified":"2026-04-10T10:12:33","modified_gmt":"2026-04-10T08:12:33","slug":"crevette-tempura-xxx","status":"publish","type":"product","link":"https:\/\/crepesriz.fr\/index.php\/product\/crevette-tempura-xxx\/","title":{"rendered":"Crevette tempura (la pi\u00e8ce)"},"content":{"rendered":"<p>Prix \u00e0 l&#8217;unit\u00e9<\/p>\n<p>Allerg\u00e8nes : <span style=\"text-decoration: underline;\">Gluten, Crustac\u00e9<\/span><\/p>\n","protected":false},"excerpt":{"rendered":"<p>Prix \u00e0 l&#8217;unit\u00e9 Allerg\u00e8nes : Gluten, Crustac\u00e9<\/p>\n","protected":false},"featured_media":381,"template":"","meta":[],"product_brand":[],"product_cat":[19,25],"product_tag":[],"class_list":{"0":"post-361","1":"product","2":"type-product","3":"status-publish","4":"has-post-thumbnail","6":"product_cat-plats-asiatiques","7":"product_cat-nems-samoussas","9":"first","10":"instock","11":"shipping-taxable","12":"purchasable","13":"product-type-simple"},"jetpack_sharing_enabled":true,"_links":{"self":[{"href":"https:\/\/crepesriz.fr\/index.php\/wp-json\/wp\/v2\/product\/361","targetHints":{"allow":["GET"]}}],"collection":[{"href":"https:\/\/crepesriz.fr\/index.php\/wp-json\/wp\/v2\/product"}],"about":[{"href":"https:\/\/crepesriz.fr\/index.php\/wp-json\/wp\/v2\/types\/product"}],"wp:featuredmedia":[{"embeddable":true,"href":"https:\/\/crepesriz.fr\/index.php\/wp-json\/wp\/v2\/media\/381"}],"wp:attachment":[{"href":"https:\/\/crepesriz.fr\/index.php\/wp-json\/wp\/v2\/media?parent=361"}],"wp:term":[{"taxonomy":"product_brand","embeddable":true,"href":"https:\/\/crepesriz.fr\/index.php\/wp-json\/wp\/v2\/product_brand?post=361"},{"taxonomy":"product_cat","embeddable":true,"href":"https:\/\/crepesriz.fr\/index.php\/wp-json\/wp\/v2\/product_cat?post=361"},{"taxonomy":"product_tag","embeddable":true,"href":"https:\/\/crepesriz.fr\/index.php\/wp-json\/wp\/v2\/product_tag?post=361"}],"curies":[{"name":"wp","href":"https:\/\/api.w.org\/{rel}","templated":true}]}}